reatest common factor of q and h.
4
Let l = 82458 - 55593. What is the highest common divisor of 135 and l?
135
Suppose 4*w - w = t + 11, -5*w = -5*t - 15. Suppose 544 = 3*u - 6*j + 7*j, 4*j + 704 = w*u. What is the highest common factor of u and 20?
20
Let y(l) = 2*l - 21. Let b be y(12). Suppose -48 = -b*q - 3*q. Suppose -q*w + 5*w + 12 = 0. What is the greatest common divisor of 36 and w?
4
Let k(x) = -18*x - 4. Let n be k(-1). Let l be -3 + 214/n + (-10)/35. Calculate the highest common factor of l and 6.
6
Let g be -6 + 332 + (1/(-1) - -3). Let i = -191 + g. Suppose p + 114 = 4*y, 0*p = -5*y + 4*p + i. What is the greatest common factor of 319 and y?
29
Let s be (3 - (-9)/(-6))/(17/34). Let w be (-7 - (-5 - -2)) + s + 10. What is the greatest common factor of w and 3?
3
Suppose 7*b + 19 = -177. Let g be (48/b)/(1*(-2)/168). What is the highest common factor of 36 and g?
36
Suppose -10*v = 100 - 150. Calculate the greatest common divisor of v and 835.
5
Let k = -441 + 474. Let p be (2 - 2)/(2 + -1). Suppose p*f - 15 = -5*f. Calculate the greatest common factor of f and k.
3
Let m = -2750 - -2921. Calculate the highest common factor of 323 and m.
19
Let h be ((-48)/64)/((-2)/(-464)*-6). What is the greatest common factor of h and 928?
29
Suppose -599*i + 609*i = 30. Let w be 0/2 - 0 - -4. Calculate the highest common divisor of w and i.
1
Suppose 5*b - 740 = 5*f, 0*b + 2*b = -3*f + 286. Suppose -3*p - b = 139. Let t = -83 - p. What is the highest common factor of 108 and t?
12
Let w be (3 + 0 + (-14)/8)/(8/192). What is the greatest common factor of 595 and w?
5
Let w be 183/1 + 12/(16/4). Let v = w + -175. What is the greatest common divisor of v and 88?
11
Let q = 412 - 416. Suppose 0*x + 3 = -3*x. Let s be (-22*(x - q))/((-6)/4). What is the greatest common factor of s and 220?
44
Let o be 5437/8 + (-363)/(-968). What is the highest common factor of o and 408?
136
Suppose 5*s - 4*m - 500 = 0, -3*m + 6*m = -2*s + 223. Let y be 79/(-20) + 4 + 21/280*266. Calculate the highest common factor of s and y.
4
Let c = 2958 - 345. What is the highest common divisor of c and 39?
39
Let w be (13356/189)/((-10)/18 - -1). Calculate the highest common factor of w and 6.
3
Suppose 19*h = 3*y + 15*h - 57, 0 = -5*y - 2*h + 95. Let j be -12 + y + 350/5. What is the highest common factor of j and 22?
11
Let c be (4 - (-3)/((-12)/190))*2/(-3). Calculate the greatest common factor of c and 3625.
29
Let s(o) = 49*o - 319. Let n be s(7). Calculate the highest common divisor of n and 438.
6
Suppose -360 = -3*o + 5*t, 4*o + 4*t - 68 - 348 = 0. What is the highest common factor of o and 165?
55
Suppose -2*d + c = -3551, -3*d + 3763 = -5*c - 1581. Calculate the highest common divisor of d and 3743.
197
Let i(w) = -8*w**3 - 11*w**2 + 96*w + 408. Let u be i(-4). Calculate the greatest common divisor of 1620 and u.
180
Let n be -1 + -2 + -16282*(-60)/105. Calculate the greatest common divisor of n and 393.
131
Suppose -94*k = 87*k - 148*k - 267300. What is the highest common factor of k and 45?
45
Let z(u) = -2*u - 19*u + 0*u - 14. Let o = 12 + -18. Let g be z(o). What is the greatest common divisor of g and 16?
16
Let t be (-2)/(-8) - (-7554)/24. Let x(i) = -i - 11. Let l be x(-13). Suppose -t + 81 = -l*d. What is the highest common factor of d and 13?
13
Let v be ((-6)/(3/1))/(38/(-1235)). Suppose -271 + 301 = 2*l. What is the greatest common divisor of v and l?
5
Let v = 203 + -112. Suppose 0 = 258*m - 260*m + 14. Calculate the greatest common divisor of v and m.
7
Let f = -199 + 252. Suppose -f = -q + 40. Calculate the highest common divisor of 3 and q.
3
Let j = -7303 + 8938. What is the highest common factor of 30 and j?
15
Suppose -11*q + 3169 = 397. What is the greatest common divisor of q and 25452?
252
Let y be (-8)/(-20) - (-5745)/75. Suppose -y*w + 48 = -69*w. What is the highest common divisor of w and 6?
6
Suppose -8*u = -182 + 1174. Let b = 137 + u. Calculate the greatest common factor of b and 1.
1
Let o = -2693 - -2699. Calculate the highest common factor of 91 and o.
1
Let z be 16 - (0 + 11 + -1) - -1877. What is the greatest common factor of z and 7?
7
Let p be (-24)/(-16)*88/6. Let w be (8*1)/(-7 + 5). Let n be 1/(w/22)*(-25 - -15). Calculate the greatest common divisor of p and n.
11
Let j be ((-3)/(3 + -6))/(1/206). Let m = 284 - j. Let q = 86 - -31. What is the greatest common divisor of m and q?
39
Let l = 54 - 73. Let j = 43 + l. Calculate the greatest common factor of j and 88.
8
Let m = -32556 - -32790. What is the greatest common factor of 2886 and m?
78
Suppose -5*y = -p - 25, -5*p + 0*y - 3*y + 15 = 0. Suppose -530 = -5*c + 27*m - 32*m, p = -3*c - 4*m + 316. Calculate the greatest common divisor of 54 and c.
54
Suppose m = -m - 30 + 128. Let v(a) = 2*a**2 - 5*a - 4. Let k be v(-6). What is the highest common divisor of k and m?
49
Let f(q) = 93*q - 714. Let s be f(10). What is the greatest common divisor of s and 128?
8
Suppose 0 = 12*r - 9*r + 12. Let c(x) = -x + 4. Let k be c(r). Suppose -k = -d - 4. Calculate the greatest common divisor of d and 36.
4
Let j be (-1 + (-12)/(-8) + -1)*4. Let p be (j - 93/(-9))*12/10. Let u be 1/3 - (-239)/3. What is the highest common divisor of u and p?
10
Suppose 67 = 3*p - q, 2*p = -q + 21 + 12. What is the highest common factor of p and 12?
4
Suppose 0 = 14*n - 8782 + 3518. Calculate the greatest common factor of n and 1551.
47
Let u(o) be the second derivative of 7*o**3/6 - 9*o**2/2 + 57*o + 2. Let p be u(6). What is the greatest common factor of 11 and p?
11
Suppose 2*c + p + 40 = 0, -3*c + 5*p - 58 = 7*p. Let j be 920/14 + c/(-77). Suppose 5*m - 3*m - 12 = 0. What is the greatest common factor of j and m?
6
Suppose 5*n - 3*s = 563, 2*n - 3*s = 6*n - 445. What is the greatest common divisor of n and 2660?
28
Suppose -6*n = -277 - 317. Let b be 56/24 + (-2)/6. Suppose b*k = 3*a - n, -2*a + 97 = -k + 30. What is the highest common divisor of 14 and a?
7
Let o = -1679 + 1711. What is the highest common factor of 2400 and o?
32
Suppose 32*i + 45 = 47*i. Suppose 4 = b + 1. Suppose -5*x = b*y - 67, -3*x = 4*y - 2*y - 45. What is the highest common factor of y and i?
3
Let p(n) = 75 - 30*n + 63*n - n**2 + 16. Let u be p(29). Calculate the highest common factor of u and 46.
23
Let q = -159 + 191. Suppose -4*f + 112 = q. What is the greatest common divisor of f and 130?
10
Suppose 4*k = 1170 + 558. Suppose -48*l + 200 = -8*l. Suppose -l*v = -8*v + k. Calculate the greatest common divisor of v and 16.
16
Let w be (-32)/10*270/(-12). Suppose o + 5*v = -407, 4*o + v + 48 = -1485. Let h = o + 391. What is the highest common factor of h and w?
9
Let x be 4 + 60 + -3 + 0. Let w = x + -60. Let l be ((-138)/9)/(w/((-6)/4)). Calculate the highest common divisor of l and 69.
23
Let n(l) = l + 11. Let m be n(-7). Suppose 55 + 65 = 4*d - 4*u, 2*d - 56 = m*u. Let r = d + -22. What is the highest common divisor of 5 and r?
5
Let i be 6*(-6)/27*(-6)/4. Suppose 806 = -i*f - 4*s, f + 2*f + 4*s = -1207. Let v be f/(-7) + 42/(-147). What is the greatest common factor of 19 and v?
19
Let m be 20/(-35) - ((-40)/112)/(5/4530). What is the greatest common divisor of m and 133?
19
Let z be 0/(3 + -1 - 4). Suppose 4*i - 335 = -315. Suppose u = -i*f + 457, z = 3*f + 4*u - 50 - 231. Calculate the highest common divisor of 13 and f.
13
Suppose -728*n + 748*n - 36260 = 0. What is the highest common divisor of 74 and n?
37
Let b be -161*(6 + -7) + 2/(-2). Let p = b + 380. Calculate the highest common divisor of p and 60.
60
Suppose 0 = -d + 10*d - 378. Suppose 2*x - 5*h - d = 0, -2*x - 3*x - 5*h = -140. Let c = 86 + -47. Calculate the highest common divisor of x and c.
13
Suppose -126 = -17*c - 46*c + 56*c. What is the greatest common divisor of c and 99?
9
Let m = 70 - 48. Suppose 9*i - 1352 = 2473. Suppose 427*s = i*s + 396. Calculate the highest common divisor of m and s.
22
Let r(a) = -4*a**2 - 57*a + 196. Let b be r(-17). Calculate the highest common divisor of 453 and b.
3
Let h(t) = -983*t + 37. Let o be h(-10). Suppose 10*g - o = -857. Calculate the highest common divisor of g and 53.
53
Let u = -1 - -5. Let r be 66/(12 + -1) + -4. Suppose r*m = -4*z + 14, 5*m + z = u*m + 8. What is the greatest common factor of m and 72?
9